ppose 0*h = -r*h + 52. Let z = 90 - h. Is z composite?
True
Suppose 10*w - 5*w = -5*c + 390, -5*w + 311 = 4*c. Is c a composite number?
False
Let k(j) = 87*j**2 - 2*j + 4. Let s be k(4). Suppose -3*p + s = p. Is p prime?
True
Suppose 4*d - 4*n = -8, 0 = d + n - 6*n + 10. Suppose d = 5*v + 4*p - 182 - 263, v + p = 89. Is v a prime number?
True
Let z(n) = -n**2 - 9*n - 10. Let o be z(-7). Suppose -x + 5*p = -0*p - 9, -5*x + o*p = -24. Suppose f + v - 37 = -x*v, 4*v = 0. Is f a composite number?
False
Suppose -3*c - 6 = -3*t, 5*c - t = t + 2. Suppose 0 = c*v + 3*v. Suppose -5*u = -5*q + 10, -u + 0*u = v. Is q composite?
False
Suppose 103985 = -22*h + 29*h. Is h composite?
True
Suppose 230 + 75 = -5*a. Let w = 107 + a. Is w a composite number?
True
Let n be ((-6)/(-8))/((-4)/592). Let j = n - -302. Is j a composite number?
False
Let i(y) = 2*y - 13. Let v be i(10). Let x(q) = -q**3 + 9*q**2 + q + 1. Is x(v) prime?
False
Let f(v) = -9*v - 2. Let t be f(-4). Let u = t - 56. Is u/((-4)/6 - 0) prime?
False
Is (4/(8/(-6)))/(9/(-1509)) a composite number?
False
Let p(s) = -2*s**2 + s - 1. Let d(n) = -n**2. Let w(v) = 3*d(v) - 2*p(v). Let a(k) = -8*k - 1. Let i be a(-1). Is w(i) prime?
True
Let v = 59 + -2. Is v a composite number?
True
Let u = -56 - -2385. Suppose -6*s = 499 - u. Is s composite?
True
Suppose 3*n = -2*w + 206, 31 = 2*w - 5*n - 207. Is w a composite number?
False
Let b(h) = 314*h**2 + 5. Is b(-3) a composite number?
True
Let v be 11/2 + 5/10. Let q(k) = 2*k**2 - 10*k + 7. Is q(v) composite?
False
Let f(m) = -7 + 8 + 0*m**3 + m**2 - m + 2*m**3. Is f(2) a composite number?
False
Let y = 2751 + -1354. Is y a prime number?
False
Suppose s - 143 = 264. Is s prime?
False
Let j(y) = -168*y - 11. Is j(-7) a prime number?
False
Let x(w) = 3*w**2 - 11*w + 5. Is x(9) composite?
False
Let m(q) = -272*q - 3. Is m(-2) prime?
True
Let d be (-3 - -1 - 0)/2. Let v(k) = -56*k + 1. Is v(d) a prime number?
False
Let k(o) be the third derivative of 211*o**7/2520 + o**6/720 - o**5/120 + o**4/8 - 3*o**2. Let s(r) be the second derivative of k(r). Is s(1) a prime number?
True
Suppose -676 = -5*q - 2*a, -673 = -2*q - 3*q - a. Is q prime?
False
Let c = 108 - -20. Let y = -136 - -227. Let l = c - y. Is l a prime number?
True
Let z(u) = 11*u**2 - 7*u + 25. Is z(-12) prime?
True
Let j = -3 + 2. Let v be (-1 - j)/(-2) - 0. Suppose v = 4*i + 5*f - 45, 5*i = -f - 4*f + 60. Is i a composite number?
True
Let o = -99 + 154. Is o composite?
True
Suppose -3*i = -m + 63 + 6, -2*m + 5*i = -140. Suppose n + m = 6*n. Is n a prime number?
False
Let f(n) = -9*n + 8. Is f(-7) a composite number?
False
Is (-2)/4 + 1214/4 a prime number?
False
Let w(x) = -27*x + 61*x - 20*x + 1. Suppose -3*j + 15 = -h, -3*j + 10 = -j + h. Is w(j) prime?
True
Suppose 0 = -t - 3*k + 11, -3*t - 4*k = -2*t - 14. Suppose -t*g = -5*g + 447. Is g a composite number?
False
Let p be (-1)/2 - (-4)/8. Suppose 4*a - 26 - 14 = p. Is a prime?
False
Is (-8 - -7) + (0 - -338) prime?
True
Suppose -o + 0*o + 49 = 4*d, 3*d + 109 = 2*o. Is o composite?
False
Suppose 3*f = -b + 4*f + 164, -313 = -2*b - f. Is b composite?
True
Suppose -4*a - 4*l = -568, 5*a - 5*l + 0*l - 750 = 0. Is a a prime number?
False
Let q(v) = -v**2 - 7*v + 5. Let o be q(-7). Suppose o*p + 1 = 6*p - 2*n, -4*n = 2*p - 26. Is p a prime number?
True
Let x(v) = -v**2 - 7*v + 4. Let r be x(-7). Suppose 3*s = -3*y + 84, -5*y + r*s + 49 = -118. Is y a composite number?
False
Suppose 2*z - 4*u = 602, 2*z + 5*u - 629 = -0*z. Is z prime?
True
Suppose 7*t = 8*t - 962. Let k = t - 627. Is k composite?
True
Let x(s) = -130*s**3 + 2*s**2 + 5*s + 5. Is x(-2) a composite number?
True
Let z be 8/(-28) - 130/(-14). Suppose -5*s = -z + 59. Is 4/(-10) - 114/s a prime number?
True
Let g be (-4 - 2) + (-2 - -4). Is -1 + 37 + 3 + g composite?
True
Let v = 5 + -5. Suppose -2*a - 2 + 12 = v. Suppose 176 + 74 = 5*s + 3*m, m = -a. Is s prime?
True
Is (-90)/(-3)*5/10 composite?
True
Let l(n) = 27*n**2 - 19*n + 5. Is l(-7) composite?
True
Let n(j) = -15*j**3 + j**2 - 1. Let g be n(1). Let u = g + 74. Is u prime?
True
Let f(i) = 11*i - 3. Let s(k) = -k**2 - 6*k + 6. Let a be s(-6). Let y be f(a). Suppose 0 = -h + y + 68. Is h a prime number?
True
Let v be 0/((-9)/3) - -2. Suppose -5*q + 15 = 0, v*m - 348 - 139 = 5*q. Is m a prime number?
True
Suppose 5*y = 6*p - 2*p - 28, p - 22 = 5*y. Let l = 11 - -4. Suppose o + p = 0, 2*t - o - 1 = l. Is t a composite number?
False
Suppose -23*i = -27*i + 596. Is i prime?
True
Let x be (-2 + 492)/(6/9). Suppose -x - 425 = -4*f. Suppose 0*b - b - f = -5*d, -4*d - 3*b + 232 = 0. Is d a composite number?
True
Suppose -2*p + 7*p - 3725 = 0. Is p a composite number?
True
Suppose -t = a + 15, -t + 33 = -4*a + a. Let q(k) = k + 21. Let s be q(a). Let f(x) = -x**3 + 11*x**2 - 13*x + 13. Is f(s) composite?
True
Suppose 6*r = -q + r + 1907, -5*r = -2*q + 3814. Is q prime?
True
Suppose -9 = -3*i, -4*i - 101 = -2*o + 35. Suppose 0*a - o = -2*a. Is a a prime number?
True
Suppose -g - 65 = -3570. Is g composite?
True
Let w(r) = 77*r**2 + 3*r + 7. Is w(-3) prime?
True
Is (-34599)/(-6) + (-9)/6 prime?
False
Suppose 0*b = -2*b + 168. Suppose -25 = 5*p, h + 42 - 4 = 3*p. Let u = b + h. Is u a composite number?
False
Let d = 15 + -11. Suppose 16 = d*a, 0 = -4*z - 4*a - 37 + 185. Is z prime?
False
Suppose -s = -2*z - 1399, 2*s = -3*s - z + 6995. Is s a prime number?
True
Let i(k) = -k + 887. Is i(0) a composite number?
False
Suppose 3*c = -2*x + 46, 3*x - 61 = -c - 3*c. Suppose n + 224 = 5*n + 3*z, 4*z = -c. Is n a prime number?
True
Let t(p) = p**3 + 5*p**2 + 2*p - 5. Let m be t(-4). Is -37*(2 + -3*m) a prime number?
False
Suppose 3*j - 2730 = -0*j. Suppose 4*k + 62 = j. Suppose -8*s + k = -4*s. Is s composite?
False
Suppose 0 = -3*k + 204 - 33. Is k composite?
True
Let r = -300 + 511. Is r a composite number?
False
Let n be 1*(-2 + -2 + 3). Is 110*n/(-2) + -2 a prime number?
True
Let u = 0 - -4. Let o = -2 + u. Suppose 2*m + 206 = 4*y, 2*y - 3*m - o*m = 91. Is y a composite number?
False
Let b(h) = h + 1. Let y(a) = -6*a - 7. Let p(l) = 5*b(l) + y(l). Let z be p(-2). Suppose s + 31 - 152 = z. Is s a prime number?
False
Let y = -29 + 23. Is (-966)/y - 0/(-2) a prime number?
False
Suppose 2*a - 4*a = 2*s - 448, a = 4*s + 209. Is a prime?
False
Let o = 1307 + 1676. Is o a prime number?
False
Let u(v) = v**3 - 8*v**2 + 6*v + 10. Let r be u(7). Let p be (2/3)/(r/333). Is p*((-5)/(-2) - 2) a composite number?
False
Suppose 0 = z + 4*r + 14, -2*z = -3*z + r + 6. Suppose -z*t - 4*a + 16 = 2*t, -5*t = -2*a - 6. Suppose -5*q = -2*d + 210, -217 - 1 = -t*d + 3*q. Is d composite?
True
Suppose 19*f - 11675 = -6*f. Is f a composite number?
False
Suppose 3*c + 8 = 2*b + 2*c, 3*b - 18 = 3*c. Suppose 3*n - 6 = b*n. Suppose n*y = 3*y + 201. Is y a prime number?
True
Let f(z) = -2*z**2 + 3*z**3 + 0*z**3 - 2*z**3 + 4*z + 0*z. Is f(3) a composite number?
True
Suppose 5*c - 2887 = 2938. Is c a composite number?
True
Let i(t) = 3*t**2 - 56*t - 44. Let b(m) = m**2 - 19*m - 15. Let f(c) = -17*b(c) + 6*i(c). Is f(16) composite?
True
Let z be -8*3/((-24)/10). Suppose z + 10 = -4*o. Let h(u) = -2*u + 5. Is h(o) prime?
False
Let f be -2 + -1 - -1 - 0. Let g be 312/(-2 - 6/f). Let h = g - 89. Is h a prime number?
True
Suppose -3*m + m = -740. Suppose 4*y - 1758 = -m. Is y a composite number?
False
Suppose -5*c + 381 = -2*c. Is c prime?
True
Let c be (-237)/(-1)*(-1)/(-3). Suppose 0*r = -r + c. Is r prime?
True
Let q be 164/3 + (-8)/(-24). Let i = q - -66. Is i composite?
True
Let h(w) = w**2 - 6*w + 3. Let c be h(5). Let m be (-60)/4 - c*1. Is 2/m - 483/(-13) composite?
False
Suppose 0*n = -2*n + 746. Suppose -1168 = -2*g - k, k + 2894 = 5*g - 3*k. Let h = g - n. Is h composite?
True
Is 3 + -3 + 0 + 961 - 2 a composite number?
True
Suppose -2*g = 107 - 289. Is g prime?
False
Suppose -u + 5*u = 160. Let s = 15 + u. Is s prime?
False
Is (-29430)/(-9) + -1 + 0 + -4 a composite number?
True
Let r(p) = 2*p**3 - 4*p**2 - 8*p + 8. Is r(5) prime?
False
Suppose 2*h + 28 = 4*z, -3*z = 3*h + h + 1. Suppose -z*m + 2 = -8. Is 75/m - 1/(-2) a prime number?
False
Suppose 0 + 3 = -3*r. Let a = r - -6. Suppose 0 = 5*g + 4*m - 285, -97 = -a*g - 2*m + 178. Is g prime?
True
Let z be -18*2/(-1*6). Let v(d